{"id":1333,"date":"2025-06-04T15:33:12","date_gmt":"2025-06-04T15:33:12","guid":{"rendered":"https:\/\/solidaritylevies.org\/?page_id=1333"},"modified":"2025-08-04T07:55:30","modified_gmt":"2025-08-04T07:55:30","slug":"austria-dashboard-profile","status":"publish","type":"page","link":"https:\/\/solidaritylevies.org\/fr\/austria-dashboard-profile\/","title":{"rendered":"Profil du tableau de bord de l'Autriche"},"content":{"rendered":"<div id=\"Hero\" class=\"hero\">\n  <img decoding=\"async\" src=\"https:\/\/solidaritylevies.org\/app\/uploads\/2025\/06\/village-Hallstatt-Alps-Austria.webp\" alt=\"\" class=\"hero-image\">\n      <div class=\"container\">\n    <div class=\"row\">\n      <div class=\"column\">\n        <div class=\"w-richtext\">\n                   <h1>Profil du pays : Autriche<\/h1>\n                            <\/div>\n              <\/div>\n    <\/div>\n  <\/div>\n<\/div>\n\n\n\n\n\n\n\n\n\n\n\n\n\n\n\n\n\n\n\n\n<div class=\"section snavy\">\n  <div class=\"container\">\n    <div class=\"row  rcenter\">\n      <div class=\"column\">\n                  <div class=\"w-richtext\"><h3>Ratio imp\u00f4ts\/PIB : 42,7%<\/h3>\n<\/div>\n                \n\n\n      <\/div>\n    <\/div>\n  <\/div>\n<\/div>\n\n\n<div class=\"section slightblue\">\n  <div class=\"container\">\n    <div class=\"row  rcenter\">\n      <div class=\"column\">\n                  <div class=\"w-richtext\"><h3>Aviation: Yes \u2013 tax in place<\/h3>\n<p><em>Taxe sur le transport a\u00e9rien<\/em><\/p>\n<ul>\n<li class=\"ewa-rteLine\">12 \u20ac pour les vols standards<\/li>\n<li class=\"ewa-rteLine\">30 \u20ac pour les vols court-courriers de moins de 350 km<\/li>\n<\/ul>\n<p class=\"p1\"><a href=\"https:\/\/www.bmf.gv.at\/themen\/steuern\/steuern-von-a-bis-z\/flugabgabe\/flugabg-en-konsolidiert-201029.html\">Source<\/a><\/p>\n<\/div>\n                \n\n\n      <\/div>\n    <\/div>\n  <\/div>\n<\/div>\n\n\n<div class=\"section sgrey\">\n  <div class=\"container\">\n    <div class=\"row  rcenter\">\n      <div class=\"column\">\n                  <div class=\"w-richtext\"><h3>Financial Transactions Tax (FTT): No information available<\/h3>\n<\/div>\n                \n\n\n      <\/div>\n    <\/div>\n  <\/div>\n<\/div>\n\n\n<div class=\"section snavy\">\n  <div class=\"container\">\n    <div class=\"row  rcenter\">\n      <div class=\"column\">\n                  <div class=\"w-richtext\"><h3>Oil &amp; Gas Revenues:<\/h3>\n<ul class=\"ul1\">\n<li class=\"li1\">Recettes publiques totales provenant du p\u00e9trole et du gaz en 2022 : $0,2 milliards d'euros<\/li>\n<li class=\"li1\">Part de l'activit\u00e9 p\u00e9troli\u00e8re et gazi\u00e8re couverte : 85,7%<\/li>\n<\/ul>\n<p class=\"p1\">Source: PBPR<\/p>\n<p class=\"p1\"><i>These figures represent an aggregate of fossil fuel revenues collected through various fiscal instruments, including royalties, taxes, and production entitlements.<\/i><\/p>\n<\/div>\n                \n\n\n      <\/div>\n    <\/div>\n  <\/div>\n<\/div>\n\n\n<div class=\"section slightblue\">\n  <div class=\"container\">\n    <div class=\"row  rcenter\">\n      <div class=\"column\">\n                  <div class=\"w-richtext\"><h3>Carbon Pricing: Yes \u2013 carbon pricing instrument in place<\/h3>\n<ul class=\"ul1\">\n<li class=\"li1\">Instruments: National ETS, Regional ETS<\/li>\n<li class=\"li1\">\u00c9missions couvertes : 0,403%, 0,38%<\/li>\n<li class=\"li1\">Price: \u20ac45 (US$48.37), \u20ac57.03 (US$61.30)<\/li>\n<li class=\"li1\">Recettes : 843 millions d'euros (917 millions de dollars US), 43 558 millions d'euros (47 369 millions de dollars US).<\/li>\n<li class=\"li1\">Sectors covered: Electricity and heat, Industry, Mining and extractives, Transport, Aviation, Buildings, Agriculture, forestry and fishing fuel use, Electricity and heat, Industry, Mining and extractives, Aviation<\/li>\n<li class=\"li1\">Offsetting: Not permitted, Not permitted<\/li>\n<\/ul>\n<p class=\"p1\"><span class=\"s2\"><a href=\"https:\/\/carbonpricingdashboard.worldbank.org\/about#download-data\">Source<\/a><\/span><\/p>\n<\/div>\n                \n\n\n      <\/div>\n    <\/div>\n  <\/div>\n<\/div>\n\n\n<div class=\"section sforestgreen\">\n  <div class=\"container\">\n    <div class=\"row  rcenter\">\n            <div class=\"column  center\">\n        <div class=\"w-richtext\">\n          <h2><\/h2>\n          <p><\/p>\n        <\/div>\n                                                            <a href=\"https:\/\/solidaritylevies.org\/fr\/solidarity-levies-dashboard\/\" class=\"button w-button\">Back to Dashboard<\/a>\n                                                  <\/div>\n                                   <\/div>\n  <\/div>\n<\/div>","protected":false},"excerpt":{"rendered":"","protected":false},"author":20,"featured_media":0,"parent":0,"menu_order":0,"comment_status":"closed","ping_status":"closed","template":"","meta":{"_acf_changed":false,"footnotes":""},"acf":[],"yoast_head":"<!-- This site is optimized with the Yoast SEO plugin v22.7 - https:\/\/yoast.com\/wordpress\/plugins\/seo\/ -->\n<title>Austria Dashboard Profile | Global Solidarity Levies Task Force<\/title>\n<meta name=\"description\" content=\"The Global Solidarity Levies Task Force brings together countries from around the world to advance options for international levelies that will raise much needed revenue for the fight against climate change, and to support development and nature.\" \/>\n<meta name=\"robots\" content=\"index, follow, max-snippet:-1, max-image-preview:large, max-video-preview:-1\" \/>\n<link rel=\"canonical\" href=\"https:\/\/solidaritylevies.org\/fr\/austria-dashboard-profile\/\" \/>\n<meta property=\"og:locale\" content=\"fr_FR\" \/>\n<meta property=\"og:type\" content=\"article\" \/>\n<meta property=\"og:title\" content=\"Austria Dashboard Profile | Global Solidarity Levies Task Force\" \/>\n<meta property=\"og:description\" content=\"The Global Solidarity Levies Task Force brings together countries from around the world to advance options for international levelies that will raise much needed revenue for the fight against climate change, and to support development and nature.\" \/>\n<meta property=\"og:url\" content=\"https:\/\/solidaritylevies.org\/fr\/austria-dashboard-profile\/\" \/>\n<meta property=\"og:site_name\" content=\"Global Solidarity Levies Task Force\" \/>\n<meta property=\"article:modified_time\" content=\"2025-08-04T07:55:30+00:00\" \/>\n<meta property=\"og:image\" content=\"https:\/\/solidaritylevies.org\/app\/uploads\/2024\/06\/Global-Solidarity-Levies-Task-Force-Meta-Image-1-scaled.jpg\" \/>\n\t<meta property=\"og:image:width\" content=\"2560\" \/>\n\t<meta property=\"og:image:height\" content=\"1343\" \/>\n\t<meta property=\"og:image:type\" content=\"image\/jpeg\" \/>\n<meta name=\"twitter:card\" content=\"summary_large_image\" \/>\n<meta name=\"twitter:site\" content=\"@gsltaskforce\" \/>\n<script type=\"application\/ld+json\" class=\"yoast-schema-graph\">{\"@context\":\"https:\/\/schema.org\",\"@graph\":[{\"@type\":\"WebPage\",\"@id\":\"https:\/\/solidaritylevies.org\/austria-dashboard-profile\/\",\"url\":\"https:\/\/solidaritylevies.org\/austria-dashboard-profile\/\",\"name\":\"Austria Dashboard Profile | Global Solidarity Levies Task Force\",\"isPartOf\":{\"@id\":\"https:\/\/solidaritylevies.org\/#website\"},\"datePublished\":\"2025-06-04T15:33:12+00:00\",\"dateModified\":\"2025-08-04T07:55:30+00:00\",\"description\":\"The Global Solidarity Levies Task Force brings together countries from around the world to advance options for international levelies that will raise much needed revenue for the fight against climate change, and to support development and nature.\",\"breadcrumb\":{\"@id\":\"https:\/\/solidaritylevies.org\/austria-dashboard-profile\/#breadcrumb\"},\"inLanguage\":\"fr-FR\",\"potentialAction\":[{\"@type\":\"ReadAction\",\"target\":[\"https:\/\/solidaritylevies.org\/austria-dashboard-profile\/\"]}]},{\"@type\":\"BreadcrumbList\",\"@id\":\"https:\/\/solidaritylevies.org\/austria-dashboard-profile\/#breadcrumb\",\"itemListElement\":[{\"@type\":\"ListItem\",\"position\":1,\"name\":\"Home\",\"item\":\"https:\/\/solidaritylevies.org\/\"},{\"@type\":\"ListItem\",\"position\":2,\"name\":\"Austria Dashboard Profile\"}]},{\"@type\":\"WebSite\",\"@id\":\"https:\/\/solidaritylevies.org\/#website\",\"url\":\"https:\/\/solidaritylevies.org\/\",\"name\":\"Global Solidarity Levies Task Force\",\"description\":\"For People and the Planet\",\"publisher\":{\"@id\":\"https:\/\/solidaritylevies.org\/#organization\"},\"alternateName\":\"GSLTF\",\"potentialAction\":[{\"@type\":\"SearchAction\",\"target\":{\"@type\":\"EntryPoint\",\"urlTemplate\":\"https:\/\/solidaritylevies.org\/?s={search_term_string}\"},\"query-input\":\"required name=search_term_string\"}],\"inLanguage\":\"fr-FR\"},{\"@type\":\"Organization\",\"@id\":\"https:\/\/solidaritylevies.org\/#organization\",\"name\":\"Global Solidarity Levies Task Force\",\"alternateName\":\"GSLTF\",\"url\":\"https:\/\/solidaritylevies.org\/\",\"logo\":{\"@type\":\"ImageObject\",\"inLanguage\":\"fr-FR\",\"@id\":\"https:\/\/solidaritylevies.org\/#\/schema\/logo\/image\/\",\"url\":\"https:\/\/globalsolidaritylevies.org\/app\/uploads\/2024\/06\/cropped-6627a8ba3085d54b8fd46ff9_Circle-p-1080.png\",\"contentUrl\":\"https:\/\/globalsolidaritylevies.org\/app\/uploads\/2024\/06\/cropped-6627a8ba3085d54b8fd46ff9_Circle-p-1080.png\",\"width\":512,\"height\":512,\"caption\":\"Global Solidarity Levies Task Force\"},\"image\":{\"@id\":\"https:\/\/solidaritylevies.org\/#\/schema\/logo\/image\/\"},\"sameAs\":[\"https:\/\/x.com\/gsltaskforce\",\"https:\/\/www.linkedin.com\/company\/global-solidarity-levies-task-force\/\"]}]}<\/script>\n<!-- \/ Yoast SEO plugin. -->","yoast_head_json":{"title":"Austria Dashboard Profile | Global Solidarity Levies Task Force","description":"The Global Solidarity Levies Task Force brings together countries from around the world to advance options for international levelies that will raise much needed revenue for the fight against climate change, and to support development and nature.","robots":{"index":"index","follow":"follow","max-snippet":"max-snippet:-1","max-image-preview":"max-image-preview:large","max-video-preview":"max-video-preview:-1"},"canonical":"https:\/\/solidaritylevies.org\/fr\/austria-dashboard-profile\/","og_locale":"fr_FR","og_type":"article","og_title":"Austria Dashboard Profile | Global Solidarity Levies Task Force","og_description":"The Global Solidarity Levies Task Force brings together countries from around the world to advance options for international levelies that will raise much needed revenue for the fight against climate change, and to support development and nature.","og_url":"https:\/\/solidaritylevies.org\/fr\/austria-dashboard-profile\/","og_site_name":"Global Solidarity Levies Task Force","article_modified_time":"2025-08-04T07:55:30+00:00","og_image":[{"width":2560,"height":1343,"url":"https:\/\/solidaritylevies.org\/app\/uploads\/2024\/06\/Global-Solidarity-Levies-Task-Force-Meta-Image-1-scaled.jpg","type":"image\/jpeg"}],"twitter_card":"summary_large_image","twitter_site":"@gsltaskforce","schema":{"@context":"https:\/\/schema.org","@graph":[{"@type":"WebPage","@id":"https:\/\/solidaritylevies.org\/austria-dashboard-profile\/","url":"https:\/\/solidaritylevies.org\/austria-dashboard-profile\/","name":"Austria Dashboard Profile | Global Solidarity Levies Task Force","isPartOf":{"@id":"https:\/\/solidaritylevies.org\/#website"},"datePublished":"2025-06-04T15:33:12+00:00","dateModified":"2025-08-04T07:55:30+00:00","description":"The Global Solidarity Levies Task Force brings together countries from around the world to advance options for international levelies that will raise much needed revenue for the fight against climate change, and to support development and nature.","breadcrumb":{"@id":"https:\/\/solidaritylevies.org\/austria-dashboard-profile\/#breadcrumb"},"inLanguage":"fr-FR","potentialAction":[{"@type":"ReadAction","target":["https:\/\/solidaritylevies.org\/austria-dashboard-profile\/"]}]},{"@type":"BreadcrumbList","@id":"https:\/\/solidaritylevies.org\/austria-dashboard-profile\/#breadcrumb","itemListElement":[{"@type":"ListItem","position":1,"name":"Home","item":"https:\/\/solidaritylevies.org\/"},{"@type":"ListItem","position":2,"name":"Austria Dashboard Profile"}]},{"@type":"WebSite","@id":"https:\/\/solidaritylevies.org\/#website","url":"https:\/\/solidaritylevies.org\/","name":"Global Solidarity Levies Task Force","description":"For People and the Planet","publisher":{"@id":"https:\/\/solidaritylevies.org\/#organization"},"alternateName":"GSLTF","potentialAction":[{"@type":"SearchAction","target":{"@type":"EntryPoint","urlTemplate":"https:\/\/solidaritylevies.org\/?s={search_term_string}"},"query-input":"required name=search_term_string"}],"inLanguage":"fr-FR"},{"@type":"Organization","@id":"https:\/\/solidaritylevies.org\/#organization","name":"Global Solidarity Levies Task Force","alternateName":"GSLTF","url":"https:\/\/solidaritylevies.org\/","logo":{"@type":"ImageObject","inLanguage":"fr-FR","@id":"https:\/\/solidaritylevies.org\/#\/schema\/logo\/image\/","url":"https:\/\/globalsolidaritylevies.org\/app\/uploads\/2024\/06\/cropped-6627a8ba3085d54b8fd46ff9_Circle-p-1080.png","contentUrl":"https:\/\/globalsolidaritylevies.org\/app\/uploads\/2024\/06\/cropped-6627a8ba3085d54b8fd46ff9_Circle-p-1080.png","width":512,"height":512,"caption":"Global Solidarity Levies Task Force"},"image":{"@id":"https:\/\/solidaritylevies.org\/#\/schema\/logo\/image\/"},"sameAs":["https:\/\/x.com\/gsltaskforce","https:\/\/www.linkedin.com\/company\/global-solidarity-levies-task-force\/"]}]}},"_links":{"self":[{"href":"https:\/\/solidaritylevies.org\/fr\/wp-json\/wp\/v2\/pages\/1333"}],"collection":[{"href":"https:\/\/solidaritylevies.org\/fr\/wp-json\/wp\/v2\/pages"}],"about":[{"href":"https:\/\/solidaritylevies.org\/fr\/wp-json\/wp\/v2\/types\/page"}],"author":[{"embeddable":true,"href":"https:\/\/solidaritylevies.org\/fr\/wp-json\/wp\/v2\/users\/20"}],"replies":[{"embeddable":true,"href":"https:\/\/solidaritylevies.org\/fr\/wp-json\/wp\/v2\/comments?post=1333"}],"version-history":[{"count":7,"href":"https:\/\/solidaritylevies.org\/fr\/wp-json\/wp\/v2\/pages\/1333\/revisions"}],"predecessor-version":[{"id":2020,"href":"https:\/\/solidaritylevies.org\/fr\/wp-json\/wp\/v2\/pages\/1333\/revisions\/2020"}],"wp:attachment":[{"href":"https:\/\/solidaritylevies.org\/fr\/wp-json\/wp\/v2\/media?parent=1333"}],"curies":[{"name":"wp","href":"https:\/\/api.w.org\/{rel}","templated":true}]}}

<div id="Hero" class="hero">
  <img decoding="async" src="https://solidaritylevies.org/app/uploads/2025/06/village-Hallstatt-Alps-Austria.webp" alt="" class="hero-image">
      <div class="container">
    <div class="row">
      <div class="column">
        <div class="w-richtext">
                   <h1>Profil du pays : Autriche</h1>
                            </div>
              </div>
    </div>
  </div>
</div>




















<div class="section snavy">
  <div class="container">
    <div class="row  rcenter">
      <div class="column">
                  <div class="w-richtext"><h3>Ratio impôts/PIB : 42,7%</h3>
</div>
                


      </div>
    </div>
  </div>
</div>


<div class="section slightblue">
  <div class="container">
    <div class="row  rcenter">
      <div class="column">
                  <div class="w-richtext"><h3>Aviation: Yes – tax in place</h3>
<p><em>Taxe sur le transport aérien</em></p>
<ul>
<li class="ewa-rteLine">12 € pour les vols standards</li>
<li class="ewa-rteLine">30 € pour les vols court-courriers de moins de 350 km</li>
</ul>
<p class="p1"><a href="https://www.bmf.gv.at/themen/steuern/steuern-von-a-bis-z/flugabgabe/flugabg-en-konsolidiert-201029.html">Source</a></p>
</div>
                


      </div>
    </div>
  </div>
</div>


<div class="section sgrey">
  <div class="container">
    <div class="row  rcenter">
      <div class="column">
                  <div class="w-richtext"><h3>Financial Transactions Tax (FTT): No information available</h3>
</div>
                


      </div>
    </div>
  </div>
</div>


<div class="section snavy">
  <div class="container">
    <div class="row  rcenter">
      <div class="column">
                  <div class="w-richtext"><h3>Oil &amp; Gas Revenues:</h3>
<ul class="ul1">
<li class="li1">Recettes publiques totales provenant du pétrole et du gaz en 2022 : $0,2 milliards d'euros</li>
<li class="li1">Part de l'activité pétrolière et gazière couverte : 85,7%</li>
</ul>
<p class="p1">Source: PBPR</p>
<p class="p1"><i>These figures represent an aggregate of fossil fuel revenues collected through various fiscal instruments, including royalties, taxes, and production entitlements.</i></p>
</div>
                


      </div>
    </div>
  </div>
</div>


<div class="section slightblue">
  <div class="container">
    <div class="row  rcenter">
      <div class="column">
                  <div class="w-richtext"><h3>Carbon Pricing: Yes – carbon pricing instrument in place</h3>
<ul class="ul1">
<li class="li1">Instruments: National ETS, Regional ETS</li>
<li class="li1">Émissions couvertes : 0,403%, 0,38%</li>
<li class="li1">Price: €45 (US$48.37), €57.03 (US$61.30)</li>
<li class="li1">Recettes : 843 millions d'euros (917 millions de dollars US), 43 558 millions d'euros (47 369 millions de dollars US).</li>
<li class="li1">Sectors covered: Electricity and heat, Industry, Mining and extractives, Transport, Aviation, Buildings, Agriculture, forestry and fishing fuel use, Electricity and heat, Industry, Mining and extractives, Aviation</li>
<li class="li1">Offsetting: Not permitted, Not permitted</li>
</ul>
<p class="p1"><span class="s2"><a href="https://carbonpricingdashboard.worldbank.org/about#download-data">Source</a></span></p>
</div>
                


      </div>
    </div>
  </div>
</div>


<div class="section sforestgreen">
  <div class="container">
    <div class="row  rcenter">
            <div class="column  center">
        <div class="w-richtext">
          <h2></h2>
          <p></p>
        </div>
                                                            <a href="https://solidaritylevies.org/fr/solidarity-levies-dashboard/" class="button w-button">Back to Dashboard</a>
                                                  </div>
                                   </div>
  </div>
</div>
