{"id":1041,"date":"2025-04-29T16:39:20","date_gmt":"2025-04-29T16:39:20","guid":{"rendered":"https:\/\/solidaritylevies.org\/?page_id=1041"},"modified":"2025-06-20T09:04:59","modified_gmt":"2025-06-20T09:04:59","slug":"norway-dashboard-profile","status":"publish","type":"page","link":"https:\/\/solidaritylevies.org\/fr\/norway-dashboard-profile\/","title":{"rendered":"Norway Dashboard Profile"},"content":{"rendered":"<div id=\"Hero\" class=\"hero\">\n  <img decoding=\"async\" src=\"https:\/\/solidaritylevies.org\/app\/uploads\/2025\/04\/4096px-Lake_Bondhus_Norway_2862-scaled.jpg\" alt=\"\" class=\"hero-image\">\n      <div class=\"container\">\n    <div class=\"row\">\n      <div class=\"column\">\n        <div class=\"w-richtext\">\n                   <h1>Profil du pays : Norv\u00e8ge<\/h1>\n                            <\/div>\n              <\/div>\n    <\/div>\n  <\/div>\n<\/div>\n\n\n\n\n\n\n\n\n\n\n\n\n\n\n\n\n\n\n\n\n<div class=\"section snavy\">\n  <div class=\"container\">\n    <div class=\"row  rcenter\">\n      <div class=\"column\">\n                  <div class=\"w-richtext\"><h3>Tax to GDP ratio: 41.4%<\/h3>\n<\/div>\n                \n\n\n      <\/div>\n    <\/div>\n  <\/div>\n<\/div>\n\n\n<div class=\"section slightblue\">\n  <div class=\"container\">\n    <div class=\"row  rcenter\">\n      <div class=\"column\">\n                  <div class=\"w-richtext\"><h3>Aviation: Yes \u2013 tax in place<\/h3>\n<ul>\n<li>Taxe sur les passagers a\u00e9riens\n<ul>\n<li>Vols int\u00e9rieurs et intra-europ\u00e9ens : 60 NOK par passager<\/li>\n<li>Vols internationaux : 342 NOK par passager<\/li>\n<\/ul>\n<\/li>\n<li>TVA sur les vols int\u00e9rieurs : 10%<\/li>\n<\/ul>\n<p><a href=\"https:\/\/www.skatteetaten.no\/en\/business-and-organisation\/vat-and-duties\/excise-duties\/about-the-excise-duties\/air-passenger-tax\/\">Source<\/a><\/p>\n<\/div>\n                \n\n\n      <\/div>\n    <\/div>\n  <\/div>\n<\/div>\n\n\n<div class=\"section sgrey\">\n  <div class=\"container\">\n    <div class=\"row  rcenter\">\n      <div class=\"column\">\n                  <div class=\"w-richtext\"><h3>Financial Transactions Tax (FTT): No tax in place<\/h3>\n<p>Il n'y a pas de TTF. Cependant, les entit\u00e9s du secteur des services financiers sont, en g\u00e9n\u00e9ral, soumises \u00e0 un imp\u00f4t sp\u00e9cial sur les salaires. Le taux d'imposition est de 5% et est calcul\u00e9 sur la base des salaires. Les entreprises dont les employ\u00e9s consacrent plus de 30% de leur temps \u00e0 des services financiers exon\u00e9r\u00e9s de TVA sont concern\u00e9es par cette taxe.<\/p>\n<p>Source: <a href=\"https:\/\/taxsummaries.pwc.com\/norway\/corporate\/other-taxes\">PWC<\/a><\/p>\n<\/div>\n                \n\n\n      <\/div>\n    <\/div>\n  <\/div>\n<\/div>\n\n\n<div class=\"section snavy\">\n  <div class=\"container\">\n    <div class=\"row  rcenter\">\n      <div class=\"column\">\n                  <div class=\"w-richtext\"><h3>Oil and Gas Revenues<\/h3>\n<ul>\n<li>Recettes publiques totales provenant du p\u00e9trole et du gaz en 2022 : $60,1 milliards d'euros<\/li>\n<li>Share of oil &amp; gas activity covered: 100%<\/li>\n<\/ul>\n<p>Source: ICTD<\/p>\n<p><i>These figures represent an aggregate of fossil fuel revenues collected through various fiscal instruments, including royalties, taxes, and production entitlements.<\/i><i><\/i><\/p>\n<\/div>\n                \n\n\n      <\/div>\n    <\/div>\n  <\/div>\n<\/div>\n\n\n<div class=\"section slightblue\">\n  <div class=\"container\">\n    <div class=\"row  rcenter\">\n      <div class=\"column\">\n                  <div class=\"w-richtext\"><h3>Carbon Pricing: No information available<\/h3>\n<\/div>\n                \n\n\n      <\/div>\n    <\/div>\n  <\/div>\n<\/div>\n\n\n<div class=\"section sforestgreen\">\n  <div class=\"container\">\n    <div class=\"row  rcenter\">\n            <div class=\"column  center\">\n        <div class=\"w-richtext\">\n          <h2><\/h2>\n          <p><\/p>\n        <\/div>\n                                                            <a href=\"https:\/\/solidaritylevies.org\/fr\/solidarity-levies-dashboard\/\" class=\"button w-button\">Back to Dashboard<\/a>\n                                                  <\/div>\n                                   <\/div>\n  <\/div>\n<\/div>","protected":false},"excerpt":{"rendered":"","protected":false},"author":18,"featured_media":0,"parent":0,"menu_order":0,"comment_status":"closed","ping_status":"closed","template":"","meta":{"_acf_changed":false,"footnotes":""},"acf":[],"yoast_head":"<!-- This site is optimized with the Yoast SEO plugin v22.7 - https:\/\/yoast.com\/wordpress\/plugins\/seo\/ -->\n<title>Norway Dashboard Profile | Global Solidarity Levies Task Force<\/title>\n<meta name=\"description\" content=\"The Global Solidarity Levies Task Force brings together countries from around the world to advance options for international levelies that will raise much needed revenue for the fight against climate change, and to support development and nature.\" \/>\n<meta name=\"robots\" content=\"index, follow, max-snippet:-1, max-image-preview:large, max-video-preview:-1\" \/>\n<link rel=\"canonical\" href=\"https:\/\/solidaritylevies.org\/fr\/norway-dashboard-profile\/\" \/>\n<meta property=\"og:locale\" content=\"fr_FR\" \/>\n<meta property=\"og:type\" content=\"article\" \/>\n<meta property=\"og:title\" content=\"Norway Dashboard Profile | Global Solidarity Levies Task Force\" \/>\n<meta property=\"og:description\" content=\"The Global Solidarity Levies Task Force brings together countries from around the world to advance options for international levelies that will raise much needed revenue for the fight against climate change, and to support development and nature.\" \/>\n<meta property=\"og:url\" content=\"https:\/\/solidaritylevies.org\/fr\/norway-dashboard-profile\/\" \/>\n<meta property=\"og:site_name\" content=\"Global Solidarity Levies Task Force\" \/>\n<meta property=\"article:modified_time\" content=\"2025-06-20T09:04:59+00:00\" \/>\n<meta property=\"og:image\" content=\"https:\/\/solidaritylevies.org\/app\/uploads\/2024\/06\/Global-Solidarity-Levies-Task-Force-Meta-Image-1-scaled.jpg\" \/>\n\t<meta property=\"og:image:width\" content=\"2560\" \/>\n\t<meta property=\"og:image:height\" content=\"1343\" \/>\n\t<meta property=\"og:image:type\" content=\"image\/jpeg\" \/>\n<meta name=\"twitter:card\" content=\"summary_large_image\" \/>\n<meta name=\"twitter:site\" content=\"@gsltaskforce\" \/>\n<script type=\"application\/ld+json\" class=\"yoast-schema-graph\">{\"@context\":\"https:\/\/schema.org\",\"@graph\":[{\"@type\":\"WebPage\",\"@id\":\"https:\/\/solidaritylevies.org\/norway-dashboard-profile\/\",\"url\":\"https:\/\/solidaritylevies.org\/norway-dashboard-profile\/\",\"name\":\"Norway Dashboard Profile | Global Solidarity Levies Task Force\",\"isPartOf\":{\"@id\":\"https:\/\/solidaritylevies.org\/#website\"},\"datePublished\":\"2025-04-29T16:39:20+00:00\",\"dateModified\":\"2025-06-20T09:04:59+00:00\",\"description\":\"The Global Solidarity Levies Task Force brings together countries from around the world to advance options for international levelies that will raise much needed revenue for the fight against climate change, and to support development and nature.\",\"breadcrumb\":{\"@id\":\"https:\/\/solidaritylevies.org\/norway-dashboard-profile\/#breadcrumb\"},\"inLanguage\":\"fr-FR\",\"potentialAction\":[{\"@type\":\"ReadAction\",\"target\":[\"https:\/\/solidaritylevies.org\/norway-dashboard-profile\/\"]}]},{\"@type\":\"BreadcrumbList\",\"@id\":\"https:\/\/solidaritylevies.org\/norway-dashboard-profile\/#breadcrumb\",\"itemListElement\":[{\"@type\":\"ListItem\",\"position\":1,\"name\":\"Home\",\"item\":\"https:\/\/solidaritylevies.org\/\"},{\"@type\":\"ListItem\",\"position\":2,\"name\":\"Norway Dashboard Profile\"}]},{\"@type\":\"WebSite\",\"@id\":\"https:\/\/solidaritylevies.org\/#website\",\"url\":\"https:\/\/solidaritylevies.org\/\",\"name\":\"Global Solidarity Levies Task Force\",\"description\":\"For People and the Planet\",\"publisher\":{\"@id\":\"https:\/\/solidaritylevies.org\/#organization\"},\"alternateName\":\"GSLTF\",\"potentialAction\":[{\"@type\":\"SearchAction\",\"target\":{\"@type\":\"EntryPoint\",\"urlTemplate\":\"https:\/\/solidaritylevies.org\/?s={search_term_string}\"},\"query-input\":\"required name=search_term_string\"}],\"inLanguage\":\"fr-FR\"},{\"@type\":\"Organization\",\"@id\":\"https:\/\/solidaritylevies.org\/#organization\",\"name\":\"Global Solidarity Levies Task Force\",\"alternateName\":\"GSLTF\",\"url\":\"https:\/\/solidaritylevies.org\/\",\"logo\":{\"@type\":\"ImageObject\",\"inLanguage\":\"fr-FR\",\"@id\":\"https:\/\/solidaritylevies.org\/#\/schema\/logo\/image\/\",\"url\":\"https:\/\/globalsolidaritylevies.org\/app\/uploads\/2024\/06\/cropped-6627a8ba3085d54b8fd46ff9_Circle-p-1080.png\",\"contentUrl\":\"https:\/\/globalsolidaritylevies.org\/app\/uploads\/2024\/06\/cropped-6627a8ba3085d54b8fd46ff9_Circle-p-1080.png\",\"width\":512,\"height\":512,\"caption\":\"Global Solidarity Levies Task Force\"},\"image\":{\"@id\":\"https:\/\/solidaritylevies.org\/#\/schema\/logo\/image\/\"},\"sameAs\":[\"https:\/\/x.com\/gsltaskforce\",\"https:\/\/www.linkedin.com\/company\/global-solidarity-levies-task-force\/\"]}]}<\/script>\n<!-- \/ Yoast SEO plugin. -->","yoast_head_json":{"title":"Norway Dashboard Profile | Global Solidarity Levies Task Force","description":"The Global Solidarity Levies Task Force brings together countries from around the world to advance options for international levelies that will raise much needed revenue for the fight against climate change, and to support development and nature.","robots":{"index":"index","follow":"follow","max-snippet":"max-snippet:-1","max-image-preview":"max-image-preview:large","max-video-preview":"max-video-preview:-1"},"canonical":"https:\/\/solidaritylevies.org\/fr\/norway-dashboard-profile\/","og_locale":"fr_FR","og_type":"article","og_title":"Norway Dashboard Profile | Global Solidarity Levies Task Force","og_description":"The Global Solidarity Levies Task Force brings together countries from around the world to advance options for international levelies that will raise much needed revenue for the fight against climate change, and to support development and nature.","og_url":"https:\/\/solidaritylevies.org\/fr\/norway-dashboard-profile\/","og_site_name":"Global Solidarity Levies Task Force","article_modified_time":"2025-06-20T09:04:59+00:00","og_image":[{"width":2560,"height":1343,"url":"https:\/\/solidaritylevies.org\/app\/uploads\/2024\/06\/Global-Solidarity-Levies-Task-Force-Meta-Image-1-scaled.jpg","type":"image\/jpeg"}],"twitter_card":"summary_large_image","twitter_site":"@gsltaskforce","schema":{"@context":"https:\/\/schema.org","@graph":[{"@type":"WebPage","@id":"https:\/\/solidaritylevies.org\/norway-dashboard-profile\/","url":"https:\/\/solidaritylevies.org\/norway-dashboard-profile\/","name":"Norway Dashboard Profile | Global Solidarity Levies Task Force","isPartOf":{"@id":"https:\/\/solidaritylevies.org\/#website"},"datePublished":"2025-04-29T16:39:20+00:00","dateModified":"2025-06-20T09:04:59+00:00","description":"The Global Solidarity Levies Task Force brings together countries from around the world to advance options for international levelies that will raise much needed revenue for the fight against climate change, and to support development and nature.","breadcrumb":{"@id":"https:\/\/solidaritylevies.org\/norway-dashboard-profile\/#breadcrumb"},"inLanguage":"fr-FR","potentialAction":[{"@type":"ReadAction","target":["https:\/\/solidaritylevies.org\/norway-dashboard-profile\/"]}]},{"@type":"BreadcrumbList","@id":"https:\/\/solidaritylevies.org\/norway-dashboard-profile\/#breadcrumb","itemListElement":[{"@type":"ListItem","position":1,"name":"Home","item":"https:\/\/solidaritylevies.org\/"},{"@type":"ListItem","position":2,"name":"Norway Dashboard Profile"}]},{"@type":"WebSite","@id":"https:\/\/solidaritylevies.org\/#website","url":"https:\/\/solidaritylevies.org\/","name":"Global Solidarity Levies Task Force","description":"For People and the Planet","publisher":{"@id":"https:\/\/solidaritylevies.org\/#organization"},"alternateName":"GSLTF","potentialAction":[{"@type":"SearchAction","target":{"@type":"EntryPoint","urlTemplate":"https:\/\/solidaritylevies.org\/?s={search_term_string}"},"query-input":"required name=search_term_string"}],"inLanguage":"fr-FR"},{"@type":"Organization","@id":"https:\/\/solidaritylevies.org\/#organization","name":"Global Solidarity Levies Task Force","alternateName":"GSLTF","url":"https:\/\/solidaritylevies.org\/","logo":{"@type":"ImageObject","inLanguage":"fr-FR","@id":"https:\/\/solidaritylevies.org\/#\/schema\/logo\/image\/","url":"https:\/\/globalsolidaritylevies.org\/app\/uploads\/2024\/06\/cropped-6627a8ba3085d54b8fd46ff9_Circle-p-1080.png","contentUrl":"https:\/\/globalsolidaritylevies.org\/app\/uploads\/2024\/06\/cropped-6627a8ba3085d54b8fd46ff9_Circle-p-1080.png","width":512,"height":512,"caption":"Global Solidarity Levies Task Force"},"image":{"@id":"https:\/\/solidaritylevies.org\/#\/schema\/logo\/image\/"},"sameAs":["https:\/\/x.com\/gsltaskforce","https:\/\/www.linkedin.com\/company\/global-solidarity-levies-task-force\/"]}]}},"_links":{"self":[{"href":"https:\/\/solidaritylevies.org\/fr\/wp-json\/wp\/v2\/pages\/1041"}],"collection":[{"href":"https:\/\/solidaritylevies.org\/fr\/wp-json\/wp\/v2\/pages"}],"about":[{"href":"https:\/\/solidaritylevies.org\/fr\/wp-json\/wp\/v2\/types\/page"}],"author":[{"embeddable":true,"href":"https:\/\/solidaritylevies.org\/fr\/wp-json\/wp\/v2\/users\/18"}],"replies":[{"embeddable":true,"href":"https:\/\/solidaritylevies.org\/fr\/wp-json\/wp\/v2\/comments?post=1041"}],"version-history":[{"count":8,"href":"https:\/\/solidaritylevies.org\/fr\/wp-json\/wp\/v2\/pages\/1041\/revisions"}],"predecessor-version":[{"id":1669,"href":"https:\/\/solidaritylevies.org\/fr\/wp-json\/wp\/v2\/pages\/1041\/revisions\/1669"}],"wp:attachment":[{"href":"https:\/\/solidaritylevies.org\/fr\/wp-json\/wp\/v2\/media?parent=1041"}],"curies":[{"name":"wp","href":"https:\/\/api.w.org\/{rel}","templated":true}]}}

<div id="Hero" class="hero">
  <img decoding="async" src="https://solidaritylevies.org/app/uploads/2025/04/4096px-Lake_Bondhus_Norway_2862-scaled.jpg" alt="" class="hero-image">
      <div class="container">
    <div class="row">
      <div class="column">
        <div class="w-richtext">
                   <h1>Profil du pays : Norvège</h1>
                            </div>
              </div>
    </div>
  </div>
</div>




















<div class="section snavy">
  <div class="container">
    <div class="row  rcenter">
      <div class="column">
                  <div class="w-richtext"><h3>Tax to GDP ratio: 41.4%</h3>
</div>
                


      </div>
    </div>
  </div>
</div>


<div class="section slightblue">
  <div class="container">
    <div class="row  rcenter">
      <div class="column">
                  <div class="w-richtext"><h3>Aviation: Yes – tax in place</h3>
<ul>
<li>Taxe sur les passagers aériens
<ul>
<li>Vols intérieurs et intra-européens : 60 NOK par passager</li>
<li>Vols internationaux : 342 NOK par passager</li>
</ul>
</li>
<li>TVA sur les vols intérieurs : 10%</li>
</ul>
<p><a href="https://www.skatteetaten.no/en/business-and-organisation/vat-and-duties/excise-duties/about-the-excise-duties/air-passenger-tax/">Source</a></p>
</div>
                


      </div>
    </div>
  </div>
</div>


<div class="section sgrey">
  <div class="container">
    <div class="row  rcenter">
      <div class="column">
                  <div class="w-richtext"><h3>Financial Transactions Tax (FTT): No tax in place</h3>
<p>Il n'y a pas de TTF. Cependant, les entités du secteur des services financiers sont, en général, soumises à un impôt spécial sur les salaires. Le taux d'imposition est de 5% et est calculé sur la base des salaires. Les entreprises dont les employés consacrent plus de 30% de leur temps à des services financiers exonérés de TVA sont concernées par cette taxe.</p>
<p>Source: <a href="https://taxsummaries.pwc.com/norway/corporate/other-taxes">PWC</a></p>
</div>
                


      </div>
    </div>
  </div>
</div>


<div class="section snavy">
  <div class="container">
    <div class="row  rcenter">
      <div class="column">
                  <div class="w-richtext"><h3>Oil and Gas Revenues</h3>
<ul>
<li>Recettes publiques totales provenant du pétrole et du gaz en 2022 : $60,1 milliards d'euros</li>
<li>Share of oil &amp; gas activity covered: 100%</li>
</ul>
<p>Source: ICTD</p>
<p><i>These figures represent an aggregate of fossil fuel revenues collected through various fiscal instruments, including royalties, taxes, and production entitlements.</i><i></i></p>
</div>
                


      </div>
    </div>
  </div>
</div>


<div class="section slightblue">
  <div class="container">
    <div class="row  rcenter">
      <div class="column">
                  <div class="w-richtext"><h3>Carbon Pricing: No information available</h3>
</div>
                


      </div>
    </div>
  </div>
</div>


<div class="section sforestgreen">
  <div class="container">
    <div class="row  rcenter">
            <div class="column  center">
        <div class="w-richtext">
          <h2></h2>
          <p></p>
        </div>
                                                            <a href="https://solidaritylevies.org/fr/solidarity-levies-dashboard/" class="button w-button">Back to Dashboard</a>
                                                  </div>
                                   </div>
  </div>
</div>
