{"id":1029,"date":"2025-04-29T16:37:18","date_gmt":"2025-04-29T16:37:18","guid":{"rendered":"https:\/\/solidaritylevies.org\/?page_id=1029"},"modified":"2025-06-23T08:37:22","modified_gmt":"2025-06-23T08:37:22","slug":"ireland-dashboard-profile","status":"publish","type":"page","link":"https:\/\/solidaritylevies.org\/fr\/ireland-dashboard-profile\/","title":{"rendered":"Ireland Dashboard Profile"},"content":{"rendered":"<div id=\"Hero\" class=\"hero\">\n  <img decoding=\"async\" src=\"https:\/\/solidaritylevies.org\/app\/uploads\/2025\/04\/2048px-Mayo_farmland_-_geograph.org_.uk_-_4479175.jpg\" alt=\"\" class=\"hero-image\">\n      <div class=\"container\">\n    <div class=\"row\">\n      <div class=\"column\">\n        <div class=\"w-richtext\">\n                   <h1>Profil du pays : Irlande<\/h1>\n                            <\/div>\n              <\/div>\n    <\/div>\n  <\/div>\n<\/div>\n\n\n\n\n\n\n\n\n\n\n\n\n\n\n\n\n\n\n\n\n<div class=\"section snavy\">\n  <div class=\"container\">\n    <div class=\"row  rcenter\">\n      <div class=\"column\">\n                  <div class=\"w-richtext\"><h3>Ratio imp\u00f4ts\/PIB : 17,6 %<\/h3>\n<\/div>\n                \n\n\n      <\/div>\n    <\/div>\n  <\/div>\n<\/div>\n\n\n<div class=\"section slightblue\">\n  <div class=\"container\">\n    <div class=\"row  rcenter\">\n      <div class=\"column\">\n                  <div class=\"w-richtext\"><h3>Aviation: Yes \u2013 tax in place<\/h3>\n<ul>\n<li>La taxe sur les billets d'avion a \u00e9t\u00e9 supprim\u00e9e en 2014.<\/li>\n<li>La taxe sur les huiles min\u00e9rales (MOT) s'applique au k\u00e9ros\u00e8ne utilis\u00e9 pour l'aviation de tourisme priv\u00e9e.<\/li>\n<\/ul>\n<p><a href=\"https:\/\/www.revenue.ie\/en\/companies-and-charities\/excise-and-licences\/mineral-oil-tax\/aviation-fuels\/jet-kerosene.aspx\">Source<\/a> |\u00a0<a href=\"https:\/\/www.revenue.ie\/en\/companies-and-charities\/documents\/excise\/form-ppf1.pdf\">Source<\/a><\/p>\n<\/div>\n                \n\n\n      <\/div>\n    <\/div>\n  <\/div>\n<\/div>\n\n\n<div class=\"section sgrey\">\n  <div class=\"container\">\n    <div class=\"row  rcenter\">\n      <div class=\"column\">\n                  <div class=\"w-richtext\"><h3>Financial Transactions Tax (FTT): Yes \u2013 tax in place<\/h3>\n<p>Le transfert d'actions ou de titres n\u00e9gociables d'une soci\u00e9t\u00e9 constitu\u00e9e en Irlande est soumis \u00e0 un droit de timbre de 1% de la contrepartie pay\u00e9e. En pratique, cela signifie que le droit s'applique principalement aux transferts d'actions de soci\u00e9t\u00e9s irlandaises et d'instruments financiers d\u00e9riv\u00e9s li\u00e9s \u00e0 des actions de soci\u00e9t\u00e9s irlandaises. Si un transfert \u00e9lectronique est effectu\u00e9 via le syst\u00e8me CREST, un droit de 1% s'applique \u00e9galement. La responsabilit\u00e9 du paiement de la taxe incombe \u00e0 l'acheteur\/au b\u00e9n\u00e9ficiaire du transfert. Sont exon\u00e9r\u00e9s du droit de timbre : le transfert d'actions d'une valeur inf\u00e9rieure \u00e0 1 000 euros, le transfert d'une soci\u00e9t\u00e9 \u00e0 une autre dans le cadre d'une reconstruction ou d'une fusion d'entreprise, les titres \u00e9mis par le gouvernement ou l'UE, l'\u00e9mission, le transfert, le rachat ou le remboursement de parts d'un organisme de placement collectif, et le transfert d'actions de soci\u00e9t\u00e9s irlandaises admises sur l'Enterprise Securities Market (ESM) de la Bourse irlandaise.<\/p>\n<p>Source: <a href=\"https:\/\/cepr.net\/publications\/financial-transactions-taxes-around-the-world\/\">Centre for Economic and Policy Research<\/a><\/p>\n<\/div>\n                \n\n\n      <\/div>\n    <\/div>\n  <\/div>\n<\/div>\n\n\n<div class=\"section snavy\">\n  <div class=\"container\">\n    <div class=\"row  rcenter\">\n      <div class=\"column\">\n                  <div class=\"w-richtext\"><h3>Oil &amp; Gas Revenues: No information available<\/h3>\n<\/div>\n                \n\n\n      <\/div>\n    <\/div>\n  <\/div>\n<\/div>\n\n\n<div class=\"section slightblue\">\n  <div class=\"container\">\n    <div class=\"row  rcenter\">\n      <div class=\"column\">\n                  <div class=\"w-richtext\"><h3>Carbon Pricing: Yes \u2013 carbon pricing instrument in place<\/h3>\n<ul class=\"ul1\">\n<li class=\"li1\">Instruments: National Carbon tax, Regional ETS<\/li>\n<li class=\"li1\">\u00c9missions couvertes : 0,34%, 0,38%<\/li>\n<li class=\"li1\">Prix : \u20ac56 , \u20ac57.03<\/li>\n<li class=\"li1\">Recettes : 935 millions d'euros, 43 558 millions d'euros<\/li>\n<li class=\"li1\">Sectors covered: Electricity and heat, Industry, Mining and extractives, Transport, Aviation, Buildings, Agriculture, forestry and fishing fuel use, Electricity and heat, Industry, Mining and extractives, Aviation<\/li>\n<li class=\"li1\">Offsetting: Not permitted, Not permitted<\/li>\n<\/ul>\n<p class=\"p1\"><span class=\"s2\"><a href=\"https:\/\/carbonpricingdashboard.worldbank.org\/about#download-data\">Source<\/a><\/span><\/p>\n<\/div>\n                \n\n\n      <\/div>\n    <\/div>\n  <\/div>\n<\/div>\n\n\n<div class=\"section sforestgreen\">\n  <div class=\"container\">\n    <div class=\"row  rcenter\">\n            <div class=\"column  center\">\n        <div class=\"w-richtext\">\n          <h2><\/h2>\n          <p><\/p>\n        <\/div>\n                                                            <a href=\"https:\/\/solidaritylevies.org\/fr\/solidarity-levies-dashboard\/\" class=\"button w-button\">Back to Dashboard<\/a>\n                                                  <\/div>\n                                   <\/div>\n  <\/div>\n<\/div>","protected":false},"excerpt":{"rendered":"","protected":false},"author":18,"featured_media":0,"parent":0,"menu_order":0,"comment_status":"closed","ping_status":"closed","template":"","meta":{"_acf_changed":false,"footnotes":""},"acf":[],"yoast_head":"<!-- This site is optimized with the Yoast SEO plugin v22.7 - https:\/\/yoast.com\/wordpress\/plugins\/seo\/ -->\n<title>Ireland Dashboard Profile | Global Solidarity Levies Task Force<\/title>\n<meta name=\"description\" content=\"The Global Solidarity Levies Task Force brings together countries from around the world to advance options for international levelies that will raise much needed revenue for the fight against climate change, and to support development and nature.\" \/>\n<meta name=\"robots\" content=\"index, follow, max-snippet:-1, max-image-preview:large, max-video-preview:-1\" \/>\n<link rel=\"canonical\" href=\"https:\/\/solidaritylevies.org\/fr\/ireland-dashboard-profile\/\" \/>\n<meta property=\"og:locale\" content=\"fr_FR\" \/>\n<meta property=\"og:type\" content=\"article\" \/>\n<meta property=\"og:title\" content=\"Ireland Dashboard Profile | Global Solidarity Levies Task Force\" \/>\n<meta property=\"og:description\" content=\"The Global Solidarity Levies Task Force brings together countries from around the world to advance options for international levelies that will raise much needed revenue for the fight against climate change, and to support development and nature.\" \/>\n<meta property=\"og:url\" content=\"https:\/\/solidaritylevies.org\/fr\/ireland-dashboard-profile\/\" \/>\n<meta property=\"og:site_name\" content=\"Global Solidarity Levies Task Force\" \/>\n<meta property=\"article:modified_time\" content=\"2025-06-23T08:37:22+00:00\" \/>\n<meta property=\"og:image\" content=\"https:\/\/solidaritylevies.org\/app\/uploads\/2024\/06\/Global-Solidarity-Levies-Task-Force-Meta-Image-1-scaled.jpg\" \/>\n\t<meta property=\"og:image:width\" content=\"2560\" \/>\n\t<meta property=\"og:image:height\" content=\"1343\" \/>\n\t<meta property=\"og:image:type\" content=\"image\/jpeg\" \/>\n<meta name=\"twitter:card\" content=\"summary_large_image\" \/>\n<meta name=\"twitter:site\" content=\"@gsltaskforce\" \/>\n<script type=\"application\/ld+json\" class=\"yoast-schema-graph\">{\"@context\":\"https:\/\/schema.org\",\"@graph\":[{\"@type\":\"WebPage\",\"@id\":\"https:\/\/solidaritylevies.org\/ireland-dashboard-profile\/\",\"url\":\"https:\/\/solidaritylevies.org\/ireland-dashboard-profile\/\",\"name\":\"Ireland Dashboard Profile | Global Solidarity Levies Task Force\",\"isPartOf\":{\"@id\":\"https:\/\/solidaritylevies.org\/#website\"},\"datePublished\":\"2025-04-29T16:37:18+00:00\",\"dateModified\":\"2025-06-23T08:37:22+00:00\",\"description\":\"The Global Solidarity Levies Task Force brings together countries from around the world to advance options for international levelies that will raise much needed revenue for the fight against climate change, and to support development and nature.\",\"breadcrumb\":{\"@id\":\"https:\/\/solidaritylevies.org\/ireland-dashboard-profile\/#breadcrumb\"},\"inLanguage\":\"fr-FR\",\"potentialAction\":[{\"@type\":\"ReadAction\",\"target\":[\"https:\/\/solidaritylevies.org\/ireland-dashboard-profile\/\"]}]},{\"@type\":\"BreadcrumbList\",\"@id\":\"https:\/\/solidaritylevies.org\/ireland-dashboard-profile\/#breadcrumb\",\"itemListElement\":[{\"@type\":\"ListItem\",\"position\":1,\"name\":\"Home\",\"item\":\"https:\/\/solidaritylevies.org\/\"},{\"@type\":\"ListItem\",\"position\":2,\"name\":\"Ireland Dashboard Profile\"}]},{\"@type\":\"WebSite\",\"@id\":\"https:\/\/solidaritylevies.org\/#website\",\"url\":\"https:\/\/solidaritylevies.org\/\",\"name\":\"Global Solidarity Levies Task Force\",\"description\":\"For People and the Planet\",\"publisher\":{\"@id\":\"https:\/\/solidaritylevies.org\/#organization\"},\"alternateName\":\"GSLTF\",\"potentialAction\":[{\"@type\":\"SearchAction\",\"target\":{\"@type\":\"EntryPoint\",\"urlTemplate\":\"https:\/\/solidaritylevies.org\/?s={search_term_string}\"},\"query-input\":\"required name=search_term_string\"}],\"inLanguage\":\"fr-FR\"},{\"@type\":\"Organization\",\"@id\":\"https:\/\/solidaritylevies.org\/#organization\",\"name\":\"Global Solidarity Levies Task Force\",\"alternateName\":\"GSLTF\",\"url\":\"https:\/\/solidaritylevies.org\/\",\"logo\":{\"@type\":\"ImageObject\",\"inLanguage\":\"fr-FR\",\"@id\":\"https:\/\/solidaritylevies.org\/#\/schema\/logo\/image\/\",\"url\":\"https:\/\/globalsolidaritylevies.org\/app\/uploads\/2024\/06\/cropped-6627a8ba3085d54b8fd46ff9_Circle-p-1080.png\",\"contentUrl\":\"https:\/\/globalsolidaritylevies.org\/app\/uploads\/2024\/06\/cropped-6627a8ba3085d54b8fd46ff9_Circle-p-1080.png\",\"width\":512,\"height\":512,\"caption\":\"Global Solidarity Levies Task Force\"},\"image\":{\"@id\":\"https:\/\/solidaritylevies.org\/#\/schema\/logo\/image\/\"},\"sameAs\":[\"https:\/\/x.com\/gsltaskforce\",\"https:\/\/www.linkedin.com\/company\/global-solidarity-levies-task-force\/\"]}]}<\/script>\n<!-- \/ Yoast SEO plugin. -->","yoast_head_json":{"title":"Ireland Dashboard Profile | Global Solidarity Levies Task Force","description":"The Global Solidarity Levies Task Force brings together countries from around the world to advance options for international levelies that will raise much needed revenue for the fight against climate change, and to support development and nature.","robots":{"index":"index","follow":"follow","max-snippet":"max-snippet:-1","max-image-preview":"max-image-preview:large","max-video-preview":"max-video-preview:-1"},"canonical":"https:\/\/solidaritylevies.org\/fr\/ireland-dashboard-profile\/","og_locale":"fr_FR","og_type":"article","og_title":"Ireland Dashboard Profile | Global Solidarity Levies Task Force","og_description":"The Global Solidarity Levies Task Force brings together countries from around the world to advance options for international levelies that will raise much needed revenue for the fight against climate change, and to support development and nature.","og_url":"https:\/\/solidaritylevies.org\/fr\/ireland-dashboard-profile\/","og_site_name":"Global Solidarity Levies Task Force","article_modified_time":"2025-06-23T08:37:22+00:00","og_image":[{"width":2560,"height":1343,"url":"https:\/\/solidaritylevies.org\/app\/uploads\/2024\/06\/Global-Solidarity-Levies-Task-Force-Meta-Image-1-scaled.jpg","type":"image\/jpeg"}],"twitter_card":"summary_large_image","twitter_site":"@gsltaskforce","schema":{"@context":"https:\/\/schema.org","@graph":[{"@type":"WebPage","@id":"https:\/\/solidaritylevies.org\/ireland-dashboard-profile\/","url":"https:\/\/solidaritylevies.org\/ireland-dashboard-profile\/","name":"Ireland Dashboard Profile | Global Solidarity Levies Task Force","isPartOf":{"@id":"https:\/\/solidaritylevies.org\/#website"},"datePublished":"2025-04-29T16:37:18+00:00","dateModified":"2025-06-23T08:37:22+00:00","description":"The Global Solidarity Levies Task Force brings together countries from around the world to advance options for international levelies that will raise much needed revenue for the fight against climate change, and to support development and nature.","breadcrumb":{"@id":"https:\/\/solidaritylevies.org\/ireland-dashboard-profile\/#breadcrumb"},"inLanguage":"fr-FR","potentialAction":[{"@type":"ReadAction","target":["https:\/\/solidaritylevies.org\/ireland-dashboard-profile\/"]}]},{"@type":"BreadcrumbList","@id":"https:\/\/solidaritylevies.org\/ireland-dashboard-profile\/#breadcrumb","itemListElement":[{"@type":"ListItem","position":1,"name":"Home","item":"https:\/\/solidaritylevies.org\/"},{"@type":"ListItem","position":2,"name":"Ireland Dashboard Profile"}]},{"@type":"WebSite","@id":"https:\/\/solidaritylevies.org\/#website","url":"https:\/\/solidaritylevies.org\/","name":"Global Solidarity Levies Task Force","description":"For People and the Planet","publisher":{"@id":"https:\/\/solidaritylevies.org\/#organization"},"alternateName":"GSLTF","potentialAction":[{"@type":"SearchAction","target":{"@type":"EntryPoint","urlTemplate":"https:\/\/solidaritylevies.org\/?s={search_term_string}"},"query-input":"required name=search_term_string"}],"inLanguage":"fr-FR"},{"@type":"Organization","@id":"https:\/\/solidaritylevies.org\/#organization","name":"Global Solidarity Levies Task Force","alternateName":"GSLTF","url":"https:\/\/solidaritylevies.org\/","logo":{"@type":"ImageObject","inLanguage":"fr-FR","@id":"https:\/\/solidaritylevies.org\/#\/schema\/logo\/image\/","url":"https:\/\/globalsolidaritylevies.org\/app\/uploads\/2024\/06\/cropped-6627a8ba3085d54b8fd46ff9_Circle-p-1080.png","contentUrl":"https:\/\/globalsolidaritylevies.org\/app\/uploads\/2024\/06\/cropped-6627a8ba3085d54b8fd46ff9_Circle-p-1080.png","width":512,"height":512,"caption":"Global Solidarity Levies Task Force"},"image":{"@id":"https:\/\/solidaritylevies.org\/#\/schema\/logo\/image\/"},"sameAs":["https:\/\/x.com\/gsltaskforce","https:\/\/www.linkedin.com\/company\/global-solidarity-levies-task-force\/"]}]}},"_links":{"self":[{"href":"https:\/\/solidaritylevies.org\/fr\/wp-json\/wp\/v2\/pages\/1029"}],"collection":[{"href":"https:\/\/solidaritylevies.org\/fr\/wp-json\/wp\/v2\/pages"}],"about":[{"href":"https:\/\/solidaritylevies.org\/fr\/wp-json\/wp\/v2\/types\/page"}],"author":[{"embeddable":true,"href":"https:\/\/solidaritylevies.org\/fr\/wp-json\/wp\/v2\/users\/18"}],"replies":[{"embeddable":true,"href":"https:\/\/solidaritylevies.org\/fr\/wp-json\/wp\/v2\/comments?post=1029"}],"version-history":[{"count":10,"href":"https:\/\/solidaritylevies.org\/fr\/wp-json\/wp\/v2\/pages\/1029\/revisions"}],"predecessor-version":[{"id":1791,"href":"https:\/\/solidaritylevies.org\/fr\/wp-json\/wp\/v2\/pages\/1029\/revisions\/1791"}],"wp:attachment":[{"href":"https:\/\/solidaritylevies.org\/fr\/wp-json\/wp\/v2\/media?parent=1029"}],"curies":[{"name":"wp","href":"https:\/\/api.w.org\/{rel}","templated":true}]}}

<div id="Hero" class="hero">
  <img decoding="async" src="https://solidaritylevies.org/app/uploads/2025/04/2048px-Mayo_farmland_-_geograph.org_.uk_-_4479175.jpg" alt="" class="hero-image">
      <div class="container">
    <div class="row">
      <div class="column">
        <div class="w-richtext">
                   <h1>Profil du pays : Irlande</h1>
                            </div>
              </div>
    </div>
  </div>
</div>




















<div class="section snavy">
  <div class="container">
    <div class="row  rcenter">
      <div class="column">
                  <div class="w-richtext"><h3>Ratio impôts/PIB : 17,6 %</h3>
</div>
                


      </div>
    </div>
  </div>
</div>


<div class="section slightblue">
  <div class="container">
    <div class="row  rcenter">
      <div class="column">
                  <div class="w-richtext"><h3>Aviation: Yes – tax in place</h3>
<ul>
<li>La taxe sur les billets d'avion a été supprimée en 2014.</li>
<li>La taxe sur les huiles minérales (MOT) s'applique au kérosène utilisé pour l'aviation de tourisme privée.</li>
</ul>
<p><a href="https://www.revenue.ie/en/companies-and-charities/excise-and-licences/mineral-oil-tax/aviation-fuels/jet-kerosene.aspx">Source</a> | <a href="https://www.revenue.ie/en/companies-and-charities/documents/excise/form-ppf1.pdf">Source</a></p>
</div>
                


      </div>
    </div>
  </div>
</div>


<div class="section sgrey">
  <div class="container">
    <div class="row  rcenter">
      <div class="column">
                  <div class="w-richtext"><h3>Financial Transactions Tax (FTT): Yes – tax in place</h3>
<p>Le transfert d'actions ou de titres négociables d'une société constituée en Irlande est soumis à un droit de timbre de 1% de la contrepartie payée. En pratique, cela signifie que le droit s'applique principalement aux transferts d'actions de sociétés irlandaises et d'instruments financiers dérivés liés à des actions de sociétés irlandaises. Si un transfert électronique est effectué via le système CREST, un droit de 1% s'applique également. La responsabilité du paiement de la taxe incombe à l'acheteur/au bénéficiaire du transfert. Sont exonérés du droit de timbre : le transfert d'actions d'une valeur inférieure à 1 000 euros, le transfert d'une société à une autre dans le cadre d'une reconstruction ou d'une fusion d'entreprise, les titres émis par le gouvernement ou l'UE, l'émission, le transfert, le rachat ou le remboursement de parts d'un organisme de placement collectif, et le transfert d'actions de sociétés irlandaises admises sur l'Enterprise Securities Market (ESM) de la Bourse irlandaise.</p>
<p>Source: <a href="https://cepr.net/publications/financial-transactions-taxes-around-the-world/">Centre for Economic and Policy Research</a></p>
</div>
                


      </div>
    </div>
  </div>
</div>


<div class="section snavy">
  <div class="container">
    <div class="row  rcenter">
      <div class="column">
                  <div class="w-richtext"><h3>Oil &amp; Gas Revenues: No information available</h3>
</div>
                


      </div>
    </div>
  </div>
</div>


<div class="section slightblue">
  <div class="container">
    <div class="row  rcenter">
      <div class="column">
                  <div class="w-richtext"><h3>Carbon Pricing: Yes – carbon pricing instrument in place</h3>
<ul class="ul1">
<li class="li1">Instruments: National Carbon tax, Regional ETS</li>
<li class="li1">Émissions couvertes : 0,34%, 0,38%</li>
<li class="li1">Prix : €56 , €57.03</li>
<li class="li1">Recettes : 935 millions d'euros, 43 558 millions d'euros</li>
<li class="li1">Sectors covered: Electricity and heat, Industry, Mining and extractives, Transport, Aviation, Buildings, Agriculture, forestry and fishing fuel use, Electricity and heat, Industry, Mining and extractives, Aviation</li>
<li class="li1">Offsetting: Not permitted, Not permitted</li>
</ul>
<p class="p1"><span class="s2"><a href="https://carbonpricingdashboard.worldbank.org/about#download-data">Source</a></span></p>
</div>
                


      </div>
    </div>
  </div>
</div>


<div class="section sforestgreen">
  <div class="container">
    <div class="row  rcenter">
            <div class="column  center">
        <div class="w-richtext">
          <h2></h2>
          <p></p>
        </div>
                                                            <a href="https://solidaritylevies.org/fr/solidarity-levies-dashboard/" class="button w-button">Back to Dashboard</a>
                                                  </div>
                                   </div>
  </div>
</div>
